{"id":29,"date":"2024-05-06T08:40:35","date_gmt":"2024-05-06T08:40:35","guid":{"rendered":"http:\/\/fsc.edu.pl\/?page_id=29"},"modified":"2026-03-04T09:14:18","modified_gmt":"2026-03-04T09:14:18","slug":"strona-glowna","status":"publish","type":"page","link":"https:\/\/www.fsm.edu.pl\/","title":{"rendered":"Strona g\u0142\u00f3wna"},"content":{"rendered":"\t\t<div data-elementor-type=\"wp-page\" data-elementor-id=\"29\" class=\"elementor elementor-29\">\n\t\t\t\t<div class=\"elementor-element elementor-element-5d8071a e-flex e-con-boxed e-con e-parent\" data-id=\"5d8071a\" data-element_type=\"container\" data-e-type=\"container\" data-settings=\"{&quot;background_background&quot;:&quot;classic&quot;}\">\n\t\t\t\t\t<div class=\"e-con-inner\">\n\t\t<div class=\"elementor-element elementor-element-6247ded e-con-full e-flex e-con e-child\" data-id=\"6247ded\" data-element_type=\"container\" data-e-type=\"container\">\n\t\t\t\t<div class=\"elementor-element elementor-element-a92606c elementor-widget elementor-widget-heading\" data-id=\"a92606c\" data-element_type=\"widget\" data-e-type=\"widget\" data-widget_type=\"heading.default\">\n\t\t\t\t\t<h5 class=\"elementor-heading-title elementor-size-default\">Forum Szk\u00f3\u0142 Mi\u0119dzynarodowych w Polsce to organizacja powsta\u0142a z inicjatywy organ\u00f3w prowadz\u0105cych i dyrektor\u00f3w mi\u0119dzynarodowych plac\u00f3wek o\u015bwiatowych: zar\u00f3wno na poziomach edukacji przedszkolnej, jak i podstawowym i \u015brednim.<\/h5>\t\t\t\t<\/div>\n\t\t\t\t<\/div>\n\t\t\t\t\t<\/div>\n\t\t\t\t<\/div>\n\t\t<div class=\"elementor-element elementor-element-dc07be3 e-flex e-con-boxed e-con e-parent\" data-id=\"dc07be3\" data-element_type=\"container\" data-e-type=\"container\">\n\t\t\t\t\t<div class=\"e-con-inner\">\n\t\t\t\t<div class=\"elementor-element elementor-element-b49de48 elementor-widget elementor-widget-spacer\" data-id=\"b49de48\" data-element_type=\"widget\" data-e-type=\"widget\" data-widget_type=\"spacer.default\">\n\t\t\t\t\t\t\t<div class=\"elementor-spacer\">\n\t\t\t<div class=\"elementor-spacer-inner\"><\/div>\n\t\t<\/div>\n\t\t\t\t\t\t<\/div>\n\t\t\t\t\t<\/div>\n\t\t\t\t<\/div>\n\t\t<div class=\"elementor-element elementor-element-2e5c06b e-flex e-con-boxed e-con e-parent\" data-id=\"2e5c06b\" data-element_type=\"container\" data-e-type=\"container\">\n\t\t\t\t\t<div class=\"e-con-inner\">\n\t\t<div class=\"elementor-element elementor-element-5ee2026 e-con-full e-flex e-con e-child\" data-id=\"5ee2026\" data-element_type=\"container\" data-e-type=\"container\">\n\t\t\t\t<div class=\"elementor-element elementor-element-1540e1b elementor-view-default elementor-widget elementor-widget-icon\" data-id=\"1540e1b\" data-element_type=\"widget\" data-e-type=\"widget\" data-widget_type=\"icon.default\">\n\t\t\t\t\t\t\t<div class=\"elementor-icon-wrapper\">\n\t\t\t<div class=\"elementor-icon\">\n\t\t\t<svg class=\"ekit-svg-icon icon-target-2\" viewBox=\"0 0 32 32\" xmlns=\"http:\/\/www.w3.org\/2000\/svg\"><path d=\"M16.063 11.15c0.441 0 0.819-0.378 0.819-0.819s-0.378-0.819-0.819-0.819c-3.528 0-6.362 2.835-6.362 6.362s2.835 6.362 6.362 6.362c3.528 0 6.362-2.835 6.362-6.362 0-0.441-0.378-0.819-0.819-0.819s-0.819 0.378-0.819 0.819c0 2.646-2.142 4.787-4.787 4.787s-4.787-2.142-4.787-4.787c0.063-2.583 2.205-4.724 4.85-4.724z\"><\/path><path d=\"M31.244 11.213c-0.126-0.441-0.567-0.63-1.008-0.504-0.378 0.126-0.63 0.567-0.504 1.008 2.394 7.559-1.827 15.685-9.449 18.016-7.559 2.394-15.685-1.827-18.016-9.449-2.394-7.559 1.827-15.685 9.449-18.016 2.835-0.882 5.795-0.882 8.63 0 0.441 0.126 0.882-0.126 1.008-0.504 0.063-0.441-0.189-0.882-0.567-1.008-8.441-2.646-17.386 2.016-20.032 10.457-2.646 8.378 2.016 17.386 10.457 20.032s17.386-2.016 20.032-10.457c0.945-3.15 0.945-6.488 0-9.575z\"><\/path><path d=\"M17.575 5.669c0-0.441-0.315-0.819-0.819-0.882-0.252 0-0.504-0.063-0.693-0.063-6.173 0-11.15 4.976-11.15 11.15s4.976 11.15 11.15 11.15c6.173 0 11.15-4.976 11.15-11.15 0-0.315 0-0.567-0.063-0.882-0.063-0.441-0.441-0.756-0.882-0.693s-0.756 0.441-0.693 0.882c0 0 0 0.063 0 0.063 0 0.189 0.063 0.378 0.063 0.567 0 5.291-4.283 9.575-9.575 9.575s-9.575-4.283-9.575-9.575 4.283-9.575 9.575-9.575v0c0.189 0 0.378 0 0.567 0.063h0.126c0.441 0.126 0.756-0.189 0.819-0.63 0 0 0 0 0 0z\"><\/path><path d=\"M20.787 7.181v2.835l-5.354 5.354c-0.315 0.315-0.315 0.819 0 1.134s0.819 0.315 1.134 0c0 0 0 0 0 0l5.354-5.354h2.835c0.189 0 0.441-0.063 0.567-0.252l4.787-4.787c0.315-0.315 0.315-0.819 0-1.134-0.126-0.126-0.378-0.252-0.567-0.252h-2.394v-2.331c0-0.441-0.378-0.819-0.819-0.819-0.189 0-0.441 0.063-0.567 0.252l-4.787 4.787c-0.063 0.126-0.189 0.315-0.189 0.567zM22.425 7.496l3.213-3.213v1.26c0 0.441 0.378 0.819 0.819 0.819h1.26l-3.213 3.213h-2.079v-2.079z\"><\/path><\/svg>\t\t\t<\/div>\n\t\t<\/div>\n\t\t\t\t\t\t<\/div>\n\t\t\t\t<div class=\"elementor-element elementor-element-a68291e elementor-widget elementor-widget-text-editor\" data-id=\"a68291e\" data-element_type=\"widget\" data-e-type=\"widget\" data-widget_type=\"text-editor.default\">\n\t\t\t\t\t\t\t\t\t<div class=\"wp-block-column\" style=\"flex-basis: 33%;\">\n<h2 class=\"wp-block-heading has-text-align-center has-neve-link-color-color has-text-color has-link-color\" style=\"font-size: 42px;\"><strong><span dir=\"auto\" style=\"vertical-align: inherit;\"><span dir=\"auto\" style=\"vertical-align: inherit;\"><span dir=\"auto\" style=\"vertical-align: inherit;\">CELE<\/span><\/span><\/span><\/strong><\/h2>\n<p><!-- \/wp:heading --><!-- wp:paragraph {\"align\":\"center\"} --><\/p>\n<p class=\"has-text-align-center\">Celem Stowarzyszenia Forum Szk\u00f3\u0142 Mi\u0119dzynarodowych w Polsce jest upowszechnianie wiedzy o programach edukacyjnych nadzorowanych przez zagraniczne Instytucje, a tak\u017ce wspieranie inicjatyw dotycz\u0105cych nauki i edukacji.<\/p>\n<p><!-- \/wp:paragraph --><\/p>\n<\/div>\n<p><!-- \/wp:column --><!-- wp:column --><\/p>\n<div class=\"wp-block-column\">\u00a0<\/div>\n<p><!-- \/wp:column --><!-- wp:column --><\/p>\n<div class=\"wp-block-column\">\u00a0<\/div>\t\t\t\t\t\t\t\t<\/div>\n\t\t\t\t<\/div>\n\t\t<div class=\"elementor-element elementor-element-cb74742 e-con-full e-flex e-con e-child\" data-id=\"cb74742\" data-element_type=\"container\" data-e-type=\"container\">\n\t\t\t\t<div class=\"elementor-element elementor-element-20c1dbf elementor-view-default elementor-widget elementor-widget-icon\" data-id=\"20c1dbf\" data-element_type=\"widget\" data-e-type=\"widget\" data-widget_type=\"icon.default\">\n\t\t\t\t\t\t\t<div class=\"elementor-icon-wrapper\">\n\t\t\t<div class=\"elementor-icon\">\n\t\t\t<svg class=\"ekit-svg-icon icon-document\" viewBox=\"0 0 32 32\" xmlns=\"http:\/\/www.w3.org\/2000\/svg\"><path d=\"M4.369 1.087v30.625h15.963l7.3-7.231v-23.394h-23.262zM5.606 2.394h20.719v21.175h-6.256c-0.394 0-0.65 0.325-0.65 0.65v6.188h-13.813v-28.012zM20.725 29.5v-4.694h4.694l-4.694 4.694zM9.056 6.819h13.75v1.306h-13.75v-1.306zM9.056 12.363h13.75v1.306h-13.75v-1.306zM9.056 17.9h13.75v1.306h-13.75v-1.306z\"><\/path><\/svg>\t\t\t<\/div>\n\t\t<\/div>\n\t\t\t\t\t\t<\/div>\n\t\t\t\t<div class=\"elementor-element elementor-element-87ea079 elementor-widget elementor-widget-text-editor\" data-id=\"87ea079\" data-element_type=\"widget\" data-e-type=\"widget\" data-widget_type=\"text-editor.default\">\n\t\t\t\t\t\t\t\t\t<h2 class=\"wp-block-heading has-text-align-center has-text-color has-link-color\" style=\"color: #f26161; font-size: 42px;\"><strong><span dir=\"auto\" style=\"vertical-align: inherit;\"><span dir=\"auto\" style=\"vertical-align: inherit;\"><span dir=\"auto\" style=\"vertical-align: inherit;\">DZIA\u0141ANIA<\/span><\/span><\/span><\/strong><\/h2><p><!-- \/wp:heading --><!-- wp:paragraph {\"align\":\"center\"} --><\/p><p class=\"has-text-align-center\">Dzia\u0142ania Stowarzyszenia obejmuj\u0105 promowanie mi\u0119dzynarodowych program\u00f3w edukacyjnych, wsp\u00f3\u0142prac\u0119 z Ministerstwem Edukacji i instytucjami edukacyjnymi w kraju i za granic\u0105 oraz integracj\u0119 spo\u0142eczno\u015bci mi\u0119dzynarodowej poprzez rozwijanie kontakt\u00f3w i wzajemne wsparcie.<\/p>\t\t\t\t\t\t\t\t<\/div>\n\t\t\t\t<\/div>\n\t\t<div class=\"elementor-element elementor-element-99fb3c5 e-con-full e-flex e-con e-child\" data-id=\"99fb3c5\" data-element_type=\"container\" data-e-type=\"container\">\n\t\t\t\t<div class=\"elementor-element elementor-element-897998f elementor-view-default elementor-widget elementor-widget-icon\" data-id=\"897998f\" data-element_type=\"widget\" data-e-type=\"widget\" data-widget_type=\"icon.default\">\n\t\t\t\t\t\t\t<div class=\"elementor-icon-wrapper\">\n\t\t\t<div class=\"elementor-icon\">\n\t\t\t<svg aria-hidden=\"true\" class=\"e-font-icon-svg e-fas-users\" viewBox=\"0 0 640 512\" xmlns=\"http:\/\/www.w3.org\/2000\/svg\"><path d=\"M96 224c35.3 0 64-28.7 64-64s-28.7-64-64-64-64 28.7-64 64 28.7 64 64 64zm448 0c35.3 0 64-28.7 64-64s-28.7-64-64-64-64 28.7-64 64 28.7 64 64 64zm32 32h-64c-17.6 0-33.5 7.1-45.1 18.6 40.3 22.1 68.9 62 75.1 109.4h66c17.7 0 32-14.3 32-32v-32c0-35.3-28.7-64-64-64zm-256 0c61.9 0 112-50.1 112-112S381.9 32 320 32 208 82.1 208 144s50.1 112 112 112zm76.8 32h-8.3c-20.8 10-43.9 16-68.5 16s-47.6-6-68.5-16h-8.3C179.6 288 128 339.6 128 403.2V432c0 26.5 21.5 48 48 48h288c26.5 0 48-21.5 48-48v-28.8c0-63.6-51.6-115.2-115.2-115.2zm-223.7-13.4C161.5 263.1 145.6 256 128 256H64c-35.3 0-64 28.7-64 64v32c0 17.7 14.3 32 32 32h65.9c6.3-47.4 34.9-87.3 75.2-109.4z\"><\/path><\/svg>\t\t\t<\/div>\n\t\t<\/div>\n\t\t\t\t\t\t<\/div>\n\t\t\t\t<div class=\"elementor-element elementor-element-373edd1 elementor-widget elementor-widget-text-editor\" data-id=\"373edd1\" data-element_type=\"widget\" data-e-type=\"widget\" data-widget_type=\"text-editor.default\">\n\t\t\t\t\t\t\t\t\t<h2 class=\"wp-block-heading has-text-align-center has-text-color has-link-color\" style=\"color: #8b204d; font-size: 42px;\"><strong><span dir=\"auto\" style=\"vertical-align: inherit;\"><span dir=\"auto\" style=\"vertical-align: inherit;\"><span dir=\"auto\" style=\"vertical-align: inherit;\">MEMBERS<\/span><\/span><\/span><\/strong><\/h2><p><!-- \/wp:heading --><!-- wp:paragraph {\"align\":\"center\"} --><\/p><p class=\"has-text-align-center\">Naszymi cz\u0142onkami przedstawiciele szk\u00f3\u0142 mi\u0119dzynarodowych dzia\u0142aj\u0105cych na terenie ca\u0142ej Polski. Reprezentujemy szko\u0142y nauczaj\u0105ce w oparciu o wiele mi\u0119dzynarodowych program\u00f3w nauczania<\/p>\t\t\t\t\t\t\t\t<\/div>\n\t\t\t\t<\/div>\n\t\t\t\t\t<\/div>\n\t\t\t\t<\/div>\n\t\t<div class=\"elementor-element elementor-element-ee59bb4 e-flex e-con-boxed e-con e-parent\" data-id=\"ee59bb4\" data-element_type=\"container\" data-e-type=\"container\">\n\t\t\t\t\t<div class=\"e-con-inner\">\n\t\t\t\t<div class=\"elementor-element elementor-element-f65d0ab elementor-widget elementor-widget-spacer\" data-id=\"f65d0ab\" data-element_type=\"widget\" data-e-type=\"widget\" data-widget_type=\"spacer.default\">\n\t\t\t\t\t\t\t<div class=\"elementor-spacer\">\n\t\t\t<div class=\"elementor-spacer-inner\"><\/div>\n\t\t<\/div>\n\t\t\t\t\t\t<\/div>\n\t\t\t\t\t<\/div>\n\t\t\t\t<\/div>\n\t\t<div class=\"elementor-element elementor-element-9b0778c e-flex e-con-boxed e-con e-parent\" data-id=\"9b0778c\" data-element_type=\"container\" data-e-type=\"container\" data-settings=\"{&quot;background_background&quot;:&quot;classic&quot;}\">\n\t\t\t\t\t<div class=\"e-con-inner\">\n\t\t<div class=\"elementor-element elementor-element-cbc4ac1 e-con-full e-flex e-con e-child\" data-id=\"cbc4ac1\" data-element_type=\"container\" data-e-type=\"container\">\n\t\t\t\t<\/div>\n\t\t<div class=\"elementor-element elementor-element-97ebb0f e-con-full e-flex e-con e-child\" data-id=\"97ebb0f\" data-element_type=\"container\" data-e-type=\"container\">\n\t\t\t\t<div class=\"elementor-element elementor-element-d519be0 elementor-widget elementor-widget-heading\" data-id=\"d519be0\" data-element_type=\"widget\" data-e-type=\"widget\" data-widget_type=\"heading.default\">\n\t\t\t\t\t<h4 class=\"elementor-heading-title elementor-size-default\">Wsp\u00f3lnie pracujemy nad przysz\u0142o\u015bci\u0105 edukacji!\nAktywne dzia\u0142anie na rzecz rozpocz\u0119cia dialogu z pracownikami administracji publicznej i przedstawicielami uniwersytet\u00f3w celem dostosowania wymaga\u0144 kszta\u0142cenia o charakterze og\u00f3lno\u015bwiatowym do polskich reali\u00f3w jest pierwszym krokiem do stworzenia szkolnictwa mi\u0119dzynarodowego na miar\u0119 XXI w.<\/h4>\t\t\t\t<\/div>\n\t\t\t\t<div class=\"elementor-element elementor-element-5ea2bb3 elementor-align-center elementor-widget elementor-widget-button\" data-id=\"5ea2bb3\" data-element_type=\"widget\" data-e-type=\"widget\" data-widget_type=\"button.default\">\n\t\t\t\t\t\t\t\t\t\t<a class=\"elementor-button elementor-button-link elementor-size-sm\" href=\"https:\/\/www.fsm.edu.pl\/konferencja\/#\">\n\t\t\t\t\t\t<span class=\"elementor-button-content-wrapper\">\n\t\t\t\t\t\t\t\t\t<span class=\"elementor-button-text\">Sprawd\u017a, nad czym teraz pracujemy!<\/span>\n\t\t\t\t\t<\/span>\n\t\t\t\t\t<\/a>\n\t\t\t\t\t\t\t\t<\/div>\n\t\t\t\t<\/div>\n\t\t<div class=\"elementor-element elementor-element-814060e e-con-full e-flex e-con e-child\" data-id=\"814060e\" data-element_type=\"container\" data-e-type=\"container\">\n\t\t\t\t<\/div>\n\t\t\t\t\t<\/div>\n\t\t\t\t<\/div>\n\t\t<div class=\"elementor-element elementor-element-172463e e-flex e-con-boxed e-con e-parent\" data-id=\"172463e\" data-element_type=\"container\" data-e-type=\"container\">\n\t\t\t\t\t<div class=\"e-con-inner\">\n\t\t\t\t<div class=\"elementor-element elementor-element-ff89bae elementor-widget elementor-widget-spacer\" data-id=\"ff89bae\" data-element_type=\"widget\" data-e-type=\"widget\" data-widget_type=\"spacer.default\">\n\t\t\t\t\t\t\t<div class=\"elementor-spacer\">\n\t\t\t<div class=\"elementor-spacer-inner\"><\/div>\n\t\t<\/div>\n\t\t\t\t\t\t<\/div>\n\t\t\t\t<div class=\"elementor-element elementor-element-9efdb88 elementor-widget-divider--view-line elementor-widget elementor-widget-divider\" data-id=\"9efdb88\" data-element_type=\"widget\" data-e-type=\"widget\" data-widget_type=\"divider.default\">\n\t\t\t\t\t\t\t<div class=\"elementor-divider\">\n\t\t\t<span class=\"elementor-divider-separator\">\n\t\t\t\t\t\t<\/span>\n\t\t<\/div>\n\t\t\t\t\t\t<\/div>\n\t\t\t\t\t<\/div>\n\t\t\t\t<\/div>\n\t\t<div class=\"elementor-element elementor-element-af558d1 e-flex e-con-boxed e-con e-parent\" data-id=\"af558d1\" data-element_type=\"container\" data-e-type=\"container\">\n\t\t\t\t\t<div class=\"e-con-inner\">\n\t\t<div class=\"elementor-element elementor-element-be4e3a5 e-con-full e-flex e-con e-child\" data-id=\"be4e3a5\" data-element_type=\"container\" data-e-type=\"container\">\n\t\t\t\t<div class=\"elementor-element elementor-element-4ff6a87 elementor-widget elementor-widget-image\" data-id=\"4ff6a87\" data-element_type=\"widget\" data-e-type=\"widget\" data-widget_type=\"image.default\">\n\t\t\t\t\t\t\t\t\t\t\t\t\t\t\t<img fetchpriority=\"high\" decoding=\"async\" width=\"300\" height=\"172\" src=\"https:\/\/www.fsm.edu.pl\/wp-content\/uploads\/2026\/03\/logo-FSM-wersja-2-scaled-300x172.png\" class=\"attachment-medium size-medium wp-image-940\" alt=\"\" srcset=\"https:\/\/www.fsm.edu.pl\/wp-content\/uploads\/2026\/03\/logo-FSM-wersja-2-scaled-300x172.png 300w, https:\/\/www.fsm.edu.pl\/wp-content\/uploads\/2026\/03\/logo-FSM-wersja-2-scaled-1024x586.png 1024w, https:\/\/www.fsm.edu.pl\/wp-content\/uploads\/2026\/03\/logo-FSM-wersja-2-scaled-768x440.png 768w, https:\/\/www.fsm.edu.pl\/wp-content\/uploads\/2026\/03\/logo-FSM-wersja-2-scaled-1536x880.png 1536w, https:\/\/www.fsm.edu.pl\/wp-content\/uploads\/2026\/03\/logo-FSM-wersja-2-scaled-2048x1173.png 2048w, https:\/\/www.fsm.edu.pl\/wp-content\/uploads\/2026\/03\/logo-FSM-wersja-2-scaled-195x112.png 195w\" sizes=\"(max-width: 300px) 100vw, 300px\" \/>\t\t\t\t\t\t\t\t\t\t\t\t\t\t\t<\/div>\n\t\t\t\t<\/div>\n\t\t<div class=\"elementor-element elementor-element-f79ae2f e-con-full e-flex e-con e-child\" data-id=\"f79ae2f\" data-element_type=\"container\" data-e-type=\"container\">\n\t\t\t\t<div class=\"elementor-element elementor-element-300a951 elementor-view-default elementor-widget elementor-widget-icon\" data-id=\"300a951\" data-element_type=\"widget\" data-e-type=\"widget\" data-widget_type=\"icon.default\">\n\t\t\t\t\t\t\t<div class=\"elementor-icon-wrapper\">\n\t\t\t<div class=\"elementor-icon\">\n\t\t\t<svg aria-hidden=\"true\" class=\"e-font-icon-svg e-fab-linkedin\" viewBox=\"0 0 448 512\" xmlns=\"http:\/\/www.w3.org\/2000\/svg\"><path d=\"M416 32H31.9C14.3 32 0 46.5 0 64.3v383.4C0 465.5 14.3 480 31.9 480H416c17.6 0 32-14.5 32-32.3V64.3c0-17.8-14.4-32.3-32-32.3zM135.4 416H69V202.2h66.5V416zm-33.2-243c-21.3 0-38.5-17.3-38.5-38.5S80.9 96 102.2 96c21.2 0 38.5 17.3 38.5 38.5 0 21.3-17.2 38.5-38.5 38.5zm282.1 243h-66.4V312c0-24.8-.5-56.7-34.5-56.7-34.6 0-39.9 27-39.9 54.9V416h-66.4V202.2h63.7v29.2h.9c8.9-16.8 30.6-34.5 62.9-34.5 67.2 0 79.7 44.3 79.7 101.9V416z\"><\/path><\/svg>\t\t\t<\/div>\n\t\t<\/div>\n\t\t\t\t\t\t<\/div>\n\t\t\t\t<\/div>\n\t\t<div class=\"elementor-element elementor-element-be308af e-con-full e-flex e-con e-child\" data-id=\"be308af\" data-element_type=\"container\" data-e-type=\"container\">\n\t\t\t\t<div class=\"elementor-element elementor-element-af1a264 elementor-widget elementor-widget-image\" data-id=\"af1a264\" data-element_type=\"widget\" data-e-type=\"widget\" data-widget_type=\"image.default\">\n\t\t\t\t\t\t\t\t\t\t\t\t\t\t\t<img decoding=\"async\" width=\"1024\" height=\"214\" src=\"https:\/\/www.fsm.edu.pl\/wp-content\/uploads\/2026\/03\/OxfordAQA_Logo.svg_-1024x214.png\" class=\"attachment-large size-large wp-image-941\" alt=\"\" srcset=\"https:\/\/www.fsm.edu.pl\/wp-content\/uploads\/2026\/03\/OxfordAQA_Logo.svg_-1024x214.png 1024w, https:\/\/www.fsm.edu.pl\/wp-content\/uploads\/2026\/03\/OxfordAQA_Logo.svg_-300x63.png 300w, https:\/\/www.fsm.edu.pl\/wp-content\/uploads\/2026\/03\/OxfordAQA_Logo.svg_-768x160.png 768w, https:\/\/www.fsm.edu.pl\/wp-content\/uploads\/2026\/03\/OxfordAQA_Logo.svg_.png 1280w\" sizes=\"(max-width: 1024px) 100vw, 1024px\" \/>\t\t\t\t\t\t\t\t\t\t\t\t\t\t\t<\/div>\n\t\t\t\t<\/div>\n\t\t\t\t\t<\/div>\n\t\t\t\t<\/div>\n\t\t<div class=\"elementor-element elementor-element-7550f63 e-flex e-con-boxed e-con e-parent\" data-id=\"7550f63\" data-element_type=\"container\" data-e-type=\"container\">\n\t\t\t\t\t<div class=\"e-con-inner\">\n\t\t\t\t<div class=\"elementor-element elementor-element-5244ecf elementor-widget elementor-widget-text-editor\" data-id=\"5244ecf\" data-element_type=\"widget\" data-e-type=\"widget\" data-widget_type=\"text-editor.default\">\n\t\t\t\t\t\t\t\t\t<p><span dir=\"auto\" style=\"vertical-align: inherit;\"><span dir=\"auto\" style=\"vertical-align: inherit;\">All Rights Reserved\u00a0 <\/span><\/span><br \/><span dir=\"auto\" style=\"vertical-align: inherit;\"><span dir=\"auto\" style=\"vertical-align: inherit;\">\u00a9FORUM OF INTERNATIONAL EDUCATION POLAND<\/span><\/span><\/p>\t\t\t\t\t\t\t\t<\/div>\n\t\t\t\t\t<\/div>\n\t\t\t\t<\/div>\n\t\t\t\t<\/div>\n\t\t\n    <div class=\"xs_social_share_widget xs_share_url after_content \t\tmain_content  wslu-style-1 wslu-share-box-shaped wslu-fill-colored wslu-none wslu-share-horizontal wslu-theme-font-no wslu-main_content\">\n\n\t\t\n        <ul>\n\t\t\t        <\/ul>\n    <\/div> \n","protected":false},"excerpt":{"rendered":"<p>Forum Szk\u00f3\u0142 Mi\u0119dzynarodowych w Polsce to organizacja powsta\u0142a z inicjatywy organ\u00f3w prowadz\u0105cych i dyrektor\u00f3w mi\u0119dzynarodowych plac\u00f3wek o\u015bwiatowych: zar\u00f3wno na poziomach [&hellip;]<\/p>\n","protected":false},"author":1,"featured_media":270,"parent":0,"menu_order":0,"comment_status":"closed","ping_status":"closed","template":"elementor_header_footer","meta":{"postBodyCss":"","postBodyMargin":[],"postBodyPadding":[],"postBodyBackground":{"backgroundType":"classic","gradient":""},"site-sidebar-layout":"right-sidebar","site-content-layout":"","ast-site-content-layout":"full-width-container","site-content-style":"unboxed","site-sidebar-style":"unboxed","ast-global-header-display":"","ast-banner-title-visibility":"","ast-main-header-display":"","ast-hfb-above-header-display":"","ast-hfb-below-header-display":"","ast-hfb-mobile-header-display":"","site-post-title":"","ast-breadcrumbs-content":"","ast-featured-img":"","footer-sml-layout":"disabled","ast-disable-related-posts":"","theme-transparent-header-meta":"enabled","adv-header-id-meta":"","stick-header-meta":"","header-above-stick-meta":"","header-main-stick-meta":"","header-below-stick-meta":"","astra-migrate-meta-layouts":"default","ast-page-background-enabled":"default","ast-page-background-meta":{"desktop":{"background-color":"var(--ast-global-color-5)","background-image":"","background-repeat":"repeat","background-position":"center center","background-size":"auto","background-attachment":"scroll","background-type":"","background-media":"","overlay-type":"","overlay-color":"","overlay-opacity":"","overlay-gradient":""},"tablet":{"background-color":"","background-image":"","background-repeat":"repeat","background-position":"center center","background-size":"auto","background-attachment":"scroll","background-type":"","background-media":"","overlay-type":"","overlay-color":"","overlay-opacity":"","overlay-gradient":""},"mobile":{"background-color":"","background-image":"","background-repeat":"repeat","background-position":"center center","background-size":"auto","background-attachment":"scroll","background-type":"","background-media":"","overlay-type":"","overlay-color":"","overlay-opacity":"","overlay-gradient":""}},"ast-content-background-meta":{"desktop":{"background-color":"var(--ast-global-color-4)","background-image":"","background-repeat":"repeat","background-position":"center center","background-size":"auto","background-attachment":"scroll","background-type":"","background-media":"","overlay-type":"","overlay-color":"","overlay-opacity":"","overlay-gradient":""},"tablet":{"background-color":"var(--ast-global-color-4)","background-image":"","background-repeat":"repeat","background-position":"center center","background-size":"auto","background-attachment":"scroll","background-type":"","background-media":"","overlay-type":"","overlay-color":"","overlay-opacity":"","overlay-gradient":""},"mobile":{"background-color":"var(--ast-global-color-4)","background-image":"","background-repeat":"repeat","background-position":"center center","background-size":"auto","background-attachment":"scroll","background-type":"","background-media":"","overlay-type":"","overlay-color":"","overlay-opacity":"","overlay-gradient":""}},"footnotes":""},"class_list":["post-29","page","type-page","status-publish","has-post-thumbnail","hentry"],"_links":{"self":[{"href":"https:\/\/www.fsm.edu.pl\/wp-json\/wp\/v2\/pages\/29","targetHints":{"allow":["GET"]}}],"collection":[{"href":"https:\/\/www.fsm.edu.pl\/wp-json\/wp\/v2\/pages"}],"about":[{"href":"https:\/\/www.fsm.edu.pl\/wp-json\/wp\/v2\/types\/page"}],"author":[{"embeddable":true,"href":"https:\/\/www.fsm.edu.pl\/wp-json\/wp\/v2\/users\/1"}],"replies":[{"embeddable":true,"href":"https:\/\/www.fsm.edu.pl\/wp-json\/wp\/v2\/comments?post=29"}],"version-history":[{"count":112,"href":"https:\/\/www.fsm.edu.pl\/wp-json\/wp\/v2\/pages\/29\/revisions"}],"predecessor-version":[{"id":1251,"href":"https:\/\/www.fsm.edu.pl\/wp-json\/wp\/v2\/pages\/29\/revisions\/1251"}],"wp:featuredmedia":[{"embeddable":true,"href":"https:\/\/www.fsm.edu.pl\/wp-json\/wp\/v2\/media\/270"}],"wp:attachment":[{"href":"https:\/\/www.fsm.edu.pl\/wp-json\/wp\/v2\/media?parent=29"}],"curies":[{"name":"wp","href":"https:\/\/api.w.org\/{rel}","templated":true}]}}